 p(g) = 2*g**2 - 516*g - 885. Determine p(259).
-367
Let q(x) = 16*x**2 - 359*x - 21344. What is q(-27)?
13
Let b(w) = -246*w + 50922. Determine b(207).
0
Let f(l) = -3*l**2 + 1962*l + 13711. Give f(-7).
-170
Let p(w) = -2*w**3 + 162*w**2 + 863*w - 240. What is p(86)?
18
Let m(z) = z**3 + 19*z**2 + 6*z - 458. Determine m(-20).
-978
Let x(y) = -11865*y + 189903. Give x(16).
63
Let l(k) = 12*k**2 - 1079*k - 16092. Give l(103).
79
Let b(r) = 817*r + 1801. What is b(-2)?
167
Let u(y) = -41*y**2 - 2313*y - 983. Give u(-56).
-31
Let k(x) = x**2 + 289*x - 32759. Calculate k(87).
-47
Let i(f) = -33*f**2 - 304*f + 737. What is i(2)?
-3
Let b(q) = -2*q**2 + 115*q + 485. Determine b(61).
58
Let g(n) = -91*n - 54. Determine g(-8).
674
Let g(d) = 2*d**3 + 570*d**2 - 616*d - 12577. Give g(-286).
7
Let d(k) = -541*k - 65265. What is d(-121)?
196
Let p(i) = -i**3 + 12*i**2 - 34354*i + 446764. Determine p(13).
-7
Let w(f) = 3265*f - 22990. Calculate w(7).
-135
Let t(z) = 63*z**3 + 66*z**2 + 13*z - 2. Determine t(-1).
-12
Let o(h) = 64*h**2 - 21*h - 211. What is o(-3)?
428
Let w(m) = 3*m**3 + 181*m**2 + 24*m - 2161. What is w(-60)?
-1
Let q(i) = 901*i + 9173. What is q(-10)?
163
Let u(m) = -2*m**3 - 33*m**2 + 844*m + 67. Determine u(-30).
-953
Let n(z) = -31231*z - 281073. What is n(-9)?
6
Let j(f) = 3812320*f + 19061609. What is j(-5)?
9
Let w(u) = 318*u - 9488. Give w(30).
52
Let o(x) = -111551*x - 3569636. What is o(-32)?
-4
Let x(k) = -2735*k - 5584. Calculate x(-2).
-114
Let f(g) = -33*g**3 - 2645*g**2 - 397*g + 309. What is f(-80)?
69
Let i(z) = z**3 - 210*z**2 - 434*z + 2023. Determine i(212).
-97
Let h(j) = j**3 - 144*j**2 + 4605*j + 223. Determine h(96).
-65
Let q(j) = -1183*j**2 - 14212*j - 40. Give q(-12).
152
Let a(t) = -198465*t - 1190804. Give a(-6).
-14
Let a(d) = d**3 - 127*d**2 + 247*d + 627. Give a(125).
252
Let s(i) = 4355*i - 152326. Determine s(35).
99
Let d(m) = 5611*m + 50507. Calculate d(-9).
8
Let y(m) = 17237*m + 241317. Determine y(-14).
-1
Let v(i) = 6*i**2 - 77*i + 15. Determine v(3).
-162
Let b(x) = -x**2 + 824*x + 18621. What is b(-22)?
9
Let j(n) = 1729*n - 10430. What is j(6)?
-56
Let l(n) = 90*n - 14428. Give l(134).
-2368
Let g(x) = 2*x**2 - 441*x + 1016. Determine g(208).
-4184
Let s(z) = -z**2 + 71310*z + 1212560. Give s(-17).
1
Let x(f) = 6495*f + 130395. Give x(-20).
495
Let p(q) = 24901*q - 497952. Give p(20).
68
Let t(v) = v**3 - 90*v**2 + 44*v + 3954. Calculate t(89).
-51
Let r(p) = -5*p**2 + 63*p + 33. Determine r(-6).
-525
Let c(j) = -j**2 + 15316*j + 352463. Determine c(-23).
-334
Let d(y) = 168*y + 4014. What is d(-39)?
-2538
Let b(h) = 16479*h - 1038146. Determine b(63).
31
Let m(c) = -c**2 + 904*c - 203881. What is m(475)?
-106
Let y(c) = -3*c**2 + 523*c + 262101. Calculate y(-221).
-5
Let h(y) = y**3 - 57*y**2 + 623*y - 1314. What is h(43)?
-411
Let p(o) = 25087*o + 200706. What is p(-8)?
10
Let o(b) = -4*b**2 + 1490*b - 31566. Determine o(350).
-66
Let m(d) = -872*d + 2045. What is m(3)?
-571
Let n(h) = -h**3 + 54*h**2 - 273*h + 3718. Determine n(50).
68
Let b(h) = 4533*h - 9010. What is b(2)?
56
Let x(n) = 2*n**3 + 212*n**2 + 220*n + 1073. Give x(-105).
23
Let a(c) = -c**2 - 101*c - 2221. Calculate a(-46).
309
Let m(x) = 5*x**3 - x**2 + 211*x - 910. Give m(4).
238
Let k(g) = 2*g**3 - 3778*g**2 + 45046*g + 19. Determine k(12).
-5
Let u(k) = 4*k**2 - 181*k - 3489. Give u(60).
51
Let k(f) = 702*f - 9384. Calculate k(15).
1146
Let s(p) = -2*p**3 - 44*p**2 + 993*p + 117. Calculate s(-36).
657
Let q(g) = 822*g - 121. What is q(1)?
701
Let v(r) = -r**2 - 790*r - 28567. Determine v(-38).
9
Let t(k) = -4*k**3 + 5849*k**2 - 35016*k + 44. What is t(6)?
-352
Let y(l) = l**3 - 8*l**2 - 158*l + 1338. Determine y(11).
-37
Let x(g) = g**3 + 5057*g**2 - 20154*g - 351. What is x(4)?
9
Let y(a) = a**3 - 18*a**2 - 268*a + 393. Calculate y(28).
729
Let k(b) = -3*b**3 - 282*b**2 - 544*b - 51088. Determine k(-94).
48
Let s(j) = -100*j**3 + 3*j**2 - 107*j + 106. Calculate s(1).
-98
Let b(m) = -336*m - 90364. Calculate b(-269).
20
Let r(x) = -x**3 - 29*x**2 + 140*x + 57. Calculate r(-33).
-207
Let k(q) = -3750*q**2 + 67496*q + 87. Give k(18).
15
Let p(f) = -242*f - 12518. Calculate p(-52).
66
Let f(v) = -3*v**3 + 319*v**2 - 1032*v + 219. Determine f(103).
13
Let j(o) = 126*o - 3531. Calculate j(23).
-633
Let r(h) = h**2 - 27541*h + 1292203. Calculate r(47).
-15
Let i(g) = -g**2 - 1921*g - 454026. What is i(-276)?
-6
Let f(a) = 156*a - 14893. What is f(96)?
83
Let b(i) = i**3 + 74*i**2 + 11*i + 809. Give b(-74).
-5
Let i(u) = u**2 - 3902*u + 219130. Give i(57).
-35
Let q(m) = 2*m**3 - 359*m**2 - 243*m - 54567. Determine q(181).
-267
Let c(j) = 2*j**2 - 549*j + 31087. Give c(80).
-33
Let p(o) = 2*o**2 + 8587*o - 51584. What is p(6)?
10
Let x(u) = -u**2 - 13707*u + 41121. What is x(3)?
-9
Let g(n) = 15*n**2 - 2145*n - 13393. Calculate g(149).
17
Let n(a) = -2438*a - 185803. Determine n(-76).
-515
Let p(f) = -787*f + 10503. Determine p(14).
-515
Let d(u) = 12*u**2 - 879*u + 1100. Give d(72).
20
Let k(p) = 211521*p - 211520. Give k(1).
1
Let r(q) = q**3 + 3140*q**2 - 25174*q - 70. Calculate r(8).
10
Let z(i) = 2*i**2 + 203*i - 6900. Calculate z(26).
-270
Let a(h) = -5*h**2 + 1000*h - 9496. Give a(190).
4
Let u(w) = -1872*w + 372548. Determine u(199).
20
Let y(w) = 5*w**2 - 178*w - 17700. Determine y(-44).
-188
Let a(z) = -177567*z + 710267. What is a(4)?
-1
Let u(l) = -1173*l + 18524. Calculate u(16).
-244
Let d(i) = 417444*i + 7096551. What is d(-17)?
3
Let s(w) = 7*w**3 - 111*w**2 - 145*w + 158. Calculate s(17).
5
Let a(y) = -y**3 + 145*y**2 - 3205*y - 46. What is a(27)?
-559
Let k(y) = -y**2 - 183*y - 3039. Determine k(-18).
-69
Let v(z) = -5*z**2 + 4131*z - 12414. Give v(3).
-66
Let u(v) = v**2 + 20397*v + 101965. Give u(-5).
5
Let b(r) = r**3 - 10*r**2 - 269*r + 86. What is b(22)?
-24
Let x(g) = 739*g + 98609. Calculate x(-133).
322
Let u(s) = s**2 - 11746*s + 2783968. Calculate u(242).
0
Let c(f) = -f**3 - 8*f**2 + 132*f + 861. What is c(-12)?
-147
Let a(r) = r**2 + 67*r + 403. Calculate a(-20).
-537
Let s(y) = 6661*y - 1678567. Give s(252).
5
Let u(o) = -333*o**3 + 101*o**2 - 96*o - 4. Determine u(1).
-332
Let v(i) = -7*i**2 + 600*i + 71. Determine v(0).
71
Let s(a) = 4*a**2 + 29226*a + 175328. Determine s(-6).
116
Let j(u) = -9*u**2 - 2684*u + 7519. Calculate j(-301).
-6
Let f(p) = 13373*p + 1618127. Calculate f(-121).
-6
Let b(i) = 10*i**2 + 164*i - 123. Determine b(-17).
-21
Let p(x) = x**3 + 83*x**2 + 465*x + 8. Calculate p(-6).
-10
Let w(p) = 16*p**3 + 1278*p**2 - 1460*p - 237. Give w(-81).
-75
Let s(a) = -a**3 - 149*a**2 + 1699*a + 704. What is s(11)?
33
Let z(h) = -34*h - 5217. What is z(-82)?
-2429
Let p(x) = 7*x**3 + 1584*x**2 + 465*x + 2925. Calculate p(-226).
-13
Let g(o) = o**2 - 831*o - 13952. Give g(-16).
-400
Let s(c) = 124804*c + 1248049. What is s(-10)?
9
Let s(n) = 2703*n - 19219. Calculate s(7).
-298
Let g(y) = 16*y**3 - 90*y**2 - 626*y - 893. Determine g(-2).
-129
Let o(k) = 21*k**2 + 431*k - 236. Determine o(-21).
-26
Let n(l) = 31*l**3 + 1013*l**2 + 690*l + 591. Give n(-32).
15
Let c(k) = 52*k**3 - 72*k**2 + 291*k - 101. Determine c(4).
3239
Let s(h) = -h**3 + 24*h**2 - 85*h + 1589. What is s(25)?
-1161
Let d(c) = -c**2 + 2293*c - 223510. Calculate d(102).
-28
Let o(f) = 2*f**2 - 58*f - 293. Calculate o(36).
211
Let a(g) = g**3 - 215*g**2 - 35*g + 7501. Calculate a(215).
-24
Let c(y) = 11*y**2 - 339*y + 2046. What is c(8)?
38
Let b(r) = -2*r**3 + 173*r**2 + 442*r + 342. What is b(89)?
75
Let p(n) = -2266*n - 61211. Give p(-27).
-29
Let d(f) = -9604*f + 489800. Calculate d(51).
-4
Let z(x) = 84*x - 4316. Calculate z(45).
-536
Let o(t) = 2*t**2 - 100*t - 3812. Determine o(-29).
770
Let x(w) = w**2 + 312*w - 13701. Give x(39).
-12
Let r(g) = 110182*g + 1101830. What is r(-10)?
10
Let w(o) = -2436*o + 24339. Calculate w(10).
-21
Let o(t) = -t**3 - 1035*t**2 - 15407*t - 1617. Calculate o(-15).
-12
Let w(u) = u**3 - 9*u**2 - 175*u - 527. Calculate w(-7).
-86
Let m(r) = -24*r**3 + 409*r**2 + 124*r - 2383. What is m(17)?
14
Let y(c) = 2*c**2 + 1843*c + 29635. Calculate y(-16).
659
Let y(s) = 15*s**2 - 5070*s + 121682. What is y(312)?
2
Let k(x) = -12*x**3 - 5072*x**2 + 1691*x - 425. What is k(-423)?
-2
Let t(p) = 3